e factors of o.
2, 5, 1051
Let s(p) = -3*p**2 - 134*p + 106. What are the prime factors of s(-22)?
2, 3, 89
Suppose 45*a - 928013 = 151807. List the prime factors of a.
2, 7, 857
Let m be (-4 - -17)*2/6*-3. Let l(w) = -13*w + 79. List the prime factors of l(m).
2, 31
Suppose v - 105462 = -30*v. What are the prime factors of v?
2, 3, 7
Suppose -8*n = -7*n + 3*r - 32, -4*n = -r - 180. Suppose -42*c - 232 = -n*c. What are the prime factors of c?
2, 29
Let r be 2*(-11)/(-2) + -21 + 18. Suppose -r*s + 58 = -270. What are the prime factors of s?
41
Let r be ((25 - 3) + 0)/(-1). Let t = r - -26. Suppose 3*h + 13 = u, -t*u = -h + 22 - 63. What are the prime factors of u?
2, 5
Let i be ((-18)/(-3) - 0) + -1. Suppose -4*q - a = -3959, -4960 = -7*q + 2*q - i*a. What are the prime factors of q?
23, 43
Suppose -12*s + 11*s = -235. Let v be s - (-3 + 0/2). Suppose -198 - v = -4*a. List the prime factors of a.
109
Suppose -549549 = -2*m - 19*m. What are the prime factors of m?
3, 11, 13, 61
What are the prime factors of 51*(-189)/4*640/(-60)?
2, 3, 7, 17
Let n = -704 - -1108. Suppose n = -6*x + 1448. List the prime factors of x.
2, 3, 29
Suppose 1742 - 869 = 9*d. Suppose d*k + 2478 = 100*k. What are the prime factors of k?
2, 7, 59
Suppose 283*y - 35231 = 279*y - 2271. What are the prime factors of y?
2, 5, 103
Let r(d) = 406*d**2 + 67*d + 48. List the prime factors of r(-6).
2, 3, 2377
Let n = 32448 + -14540. List the prime factors of n.
2, 11, 37
Let l be -2*(-4 + 9/(-6)*-4). List the prime factors of (-3 + l)/(-7) - -288.
17
Let c be (2 + 1)/((-6)/20). Let h = c + 40. Suppose -4*p + h = -3*p - 4*m, 0 = 5*p - 3*m - 99. List the prime factors of p.
2, 3
Let q(b) = 4186*b - 270. List the prime factors of q(5).
2, 5, 1033
Suppose 5 = -5*c - 5*d, -4*c - 5*d = -2 + 10. Suppose c*q - 27 = 33. Suppose -q*k = -21*k + 147. List the prime factors of k.
3, 7
Suppose 8*v + m - 893 = 11*v, 3*v + 2*m = -887. List the prime factors of ((-110)/3)/(22/v).
3, 5, 11
Let x(o) = -o**2 - 20*o - 26. Let w be x(-18). Let n be 34/w - 2/5. Suppose -c + 150 = -3*h, 3*c - 4*h = -n*h + 418. List the prime factors of c.
2, 3, 23
Suppose -22*y + 800 = -6*y. Let j = y - 42. List the prime factors of j.
2
Let f = -41 + 4501. List the prime factors of f.
2, 5, 223
Let g = 9286 + -3930. What are the prime factors of g?
2, 13, 103
Let f(m) = 1105*m + 892. What are the prime factors of f(6)?
2, 3761
Let u(m) = 2*m**2 - 5*m - 3. Let v be u(3). Let y(p) = -p**3 + p**2 + 5. Let g be y(v). Suppose -940 = -0*d - g*d. What are the prime factors of d?
2, 47
Let f(v) = -34*v + 1127. What are the prime factors of f(-45)?
2657
Let n be (-2)/3*(-11 + (-190)/(-20)). What are the prime factors of (-5708)/(-12) + (3/9 - n)?
5, 19
Suppose h + 2*h = -4*i + 7, 3*h - i = 17. Suppose -h*q = 4*n - 28, n + 5*q = 23 - 1. Suppose 2*u = u + 4*v + 69, 235 = 3*u + n*v. List the prime factors of u.
7, 11
Suppose -4*h + 2*v = -60326, 52*v = -3*h + 51*v + 45247. List the prime factors of h.
2, 7541
Let x(j) = 10348*j**2 - 14*j + 1. What are the prime factors of x(1)?
3, 5, 13, 53
Suppose 11*c + 5*z = 9*c + 19492, -4*z = c - 9755. What are the prime factors of c?
37, 263
Let m(f) = -f**2 + 132*f - 361. What are the prime factors of m(85)?
2, 23, 79
Let c = 1120 - 111. Suppose 5*k - b - 2515 = 0, -5*b + 6*b + c = 2*k. List the prime factors of k.
2, 251
Suppose 48*b = 20172 + 18852. What are the prime factors of b?
3, 271
Let m(y) = 912*y**3 - 2*y**2 + 26*y + 27. Let g be m(-1). Let x = -437 - g. List the prime factors of x.
2, 7, 17
Suppose -20*r + 9940 = -r - 688614. What are the prime factors of r?
2, 31, 593
Let s(v) = 103*v**2 + 111*v + 230. List the prime factors of s(-2).
2, 3, 5, 7
Let z(f) = -3 + 18 + 17 + 168*f - 36*f. What are the prime factors of z(3)?
2, 107
Suppose -4*c + 297201 = -r, -2*c - 10*r + 148605 = -9*r. List the prime factors of c.
3, 24767
Suppose 10*u - 6*u - 44 = 0. Suppose 0 = -u*j + 7*j - 88. Let s(x) = -3*x - 38. What are the prime factors of s(j)?
2, 7
Let o(b) = 99*b**2 + 199*b - 50. List the prime factors of o(-10).
2, 3, 5, 131
Let m = -69 - -69. Let g(n) = -5*n**2 + 8*n**2 + n + 23 + 2. List the prime factors of g(m).
5
Suppose 5*d + 57*d + d - 1085049 = 0. List the prime factors of d.
3, 5741
Let h(p) = p**2 + 3*p - 3. Let q be h(2). Suppose 2*s = -1 + q. Suppose s*j = 2*j + 133. What are the prime factors of j?
7, 19
Let x(t) = t**2 + t - 28. Let o be x(5). Suppose o*p - 227 = 769. What are the prime factors of p?
2, 3, 83
Let c(l) = -l**2 + 11*l - 10. Let o be c(7). Suppose 2*k - 11 = -5*a, -5*a + 3*k + 3 = -o. Suppose a*d - 451 = -103. List the prime factors of d.
2, 29
Let z(o) = o + 2. Let f be z(-3). Let g(m) = -4*m**3 + m**2 - 3*m - 3. Let d be g(f). List the prime factors of (d/(-2))/(-2 + 374/188).
5, 47
Let n(b) = 7*b + 7. Let z be n(3). Suppose -z*f + 10272 = -20*f. What are the prime factors of f?
2, 3, 107
Let t be (-1)/(-4) + 1/((-40)/(-36190)). What are the prime factors of t/5*1 - (0 - -5)?
2, 11
Suppose 67*i - 78*i + 4015 = 0. Suppose 0 = -4*o + i + 371. List the prime factors of o.
2, 23
Let b = -202 + 207. Let f(y) = -59*y + 23 - 10 + 79*y. List the prime factors of f(b).
113
Suppose -13*x + 25*x = 83976. What are the prime factors of x?
2, 3499
Let n = -478 - -5566. List the prime factors of n.
2, 3, 53
Let a be 0/5 - ((-4)/(-2) - -1). Let u be (1 - 3*(-3)/a) + 7. Suppose u*p - 438 - 472 = 0. List the prime factors of p.
2, 7, 13
List the prime factors of (-22 + 2247 - -6)*7.
7, 23, 97
Suppose 1668 = 7*y - y. Let q = -140 + y. Suppose 3*t - 444 = -q. What are the prime factors of t?
2, 3, 17
Suppose -l + 596 = v, -29*l + 4*v + 1162 = -27*l. Suppose -l - 6521 = -8*k. List the prime factors of k.
7, 127
Let q be (-9752)/((4 + 2)/(-6)). Suppose 28*d - q = -2444. What are the prime factors of d?
3, 29
Suppose 4*g - 14*m - 10*m = 165396, 0 = 4*g + 4*m - 165368. What are the prime factors of g?
3, 13781
Let x = -14 - -21. Suppose x*v + 8 = 1. What are the prime factors of (-13)/v*(5 - 3)?
2, 13
Suppose -676*z + 664*z + 40428 = 0. List the prime factors of z.
3, 1123
What are the prime factors of (-356 + 334)*13866/(-11)?
2, 3, 2311
Suppose 0 = 2*x - n - 38739, 2*n - 9923 = x - 29291. What are the prime factors of x?
2, 5, 13, 149
Let j(a) = 50*a**2 + 21*a - 120. List the prime factors of j(-11).
41, 139
Let d(y) = 204*y + 88. Let j be d(-4). Let q = j - -1411. List the prime factors of q.
683
Let x = 100512 + -71043. List the prime factors of x.
3, 11, 19, 47
Let r be (13/((-416)/24))/(3/(-8)). Suppose t + 384 = d, t - 783 = -0*d - r*d. What are the prime factors of d?
389
Let c(d) = d**3 + 7*d**2 - 23*d + 33060. List the prime factors of c(0).
2, 3, 5, 19, 29
Suppose 117*b - 827547 = 462027. List the prime factors of b.
2, 3, 11, 167
Let h(f) = -f**3 - 12*f**2 - 17*f - 8. Let s be h(-11). Let k = -156 + s. Let d = k + 139. List the prime factors of d.
41
Suppose 0 = 3*n + 11 - 5, -74 = 3*v + n. What are the prime factors of 5/20 - 2*13617/v?
5, 227
Suppose 3*l - 17792 = -y, 664*l - 2*y = 666*l - 11868. What are the prime factors of l?
7, 11
Suppose -63*h = -66*h + 11172. List the prime factors of h.
2, 7, 19
Let d(n) = 37*n**2 - 10*n - 5 + 18 - n**3 - 27*n**2. Let l be d(9). Suppose -3*m = -s - 280, -3*m + 180 + 80 = l*s. List the prime factors of m.
2, 23
Let k(l) = -2*l**3 + 29*l**2 - 67*l + 13. Let s(d) = d**3 + d**2 - 2. Let v(a) = -k(a) - s(a). List the prime factors of v(28).
3, 11
Suppose 6*b - 85943 - 1927 = 0. What are the prime factors of b?
5, 29, 101
What are the prime factors of 320/(-4)*21091/(-131)?
2, 5, 7, 23
Let f be 56*1/(-9) + 4/18. What are the prime factors of (f + 360)/6 + -3?
2, 7
What are the prime factors of (-1)/(((-6)/2864)/((-4017)/(-412)))?
2, 13, 179
Let g(h) = h**2 - 5*h - 6. Let y be g(7). Suppose -y*d = -9*d - 6. What are the prime factors of ((-19)/(-3))/(d/(-36))?
2, 19
Let i(t) be the first derivative of -77*t**2 + 11*t - 64. What are the prime factors of i(-4)?
3, 11, 19
Let p(k) = 843*k**2 + 60*k + 62. What are the prime factors of p(-5)?
67, 311
Suppose -w + 5846 = 4*y - 142, 0 = -5*w + 2*y + 29918. What are the prime factors of w?
2, 11, 17
Suppose -x - 7 = 3*a, 2*x + 0*x = 2*a + 10. Let z(c) = -4*c**x + 4*c + 11 - 3*c**2 - 2*c